 525 a multiple of 7?
True
Is 71 a factor of 10153?
True
Does 15 divide 3915?
True
Does 25 divide 3327?
False
Is 19 a factor of 836?
True
Is 45 a multiple of 3?
True
Does 10 divide 233?
False
Does 46 divide 11638?
True
Is 9 a factor of 189?
True
Is 20108 a multiple of 5?
False
Is 203 a factor of 124642?
True
Does 7 divide 1002?
False
Does 2 divide 71?
False
Is 494 a multiple of 26?
True
Does 21 divide 1106?
False
Is 1020 even?
True
Is 7 a factor of 3989?
False
Does 36 divide 279?
False
Is 29019 a multiple of 17?
True
Is 657 a multiple of 2?
False
Is 2550 a multiple of 5?
True
Is 15360 a multiple of 60?
True
Is 9 a factor of 3078?
True
Is 171 a factor of 9747?
True
Does 10 divide 7872?
False
Is 2288 a multiple of 44?
True
Is 560 a multiple of 4?
True
Does 136 divide 57066?
False
Is 3 a factor of 1935?
True
Does 124 divide 7192?
True
Is 19 a factor of 798?
True
Is 63 a factor of 15876?
True
Is 5 a factor of 1205?
True
Is 423 even?
False
Does 6 divide 120?
True
Is 58 a factor of 1356?
False
Does 14 divide 474?
False
Is 90 a multiple of 15?
True
Does 30 divide 23640?
True
Does 40 divide 15040?
True
Is 51342 a multiple of 43?
True
Is 43 a factor of 344?
True
Does 64 divide 9600?
True
Is 59890 a multiple of 226?
True
Is 4662 a multiple of 37?
True
Is 380 a multiple of 38?
True
Does 23 divide 421?
False
Is 57 a factor of 3819?
True
Is 196 a factor of 4131?
False
Is 410 a multiple of 5?
True
Is 44 a factor of 1089?
False
Is 6861 a multiple of 115?
False
Is 29 a factor of 522?
True
Is 1672 a multiple of 12?
False
Is 74 a factor of 1036?
True
Is 21 a factor of 66225?
False
Is 44 a factor of 2200?
True
Is 97 a factor of 8558?
False
Is 43 a factor of 9367?
False
Does 39 divide 3416?
False
Is 13 a factor of 28092?
False
Is 4 a factor of 223?
False
Does 14 divide 728?
True
Is 504 a multiple of 25?
False
Is 25135 a multiple of 55?
True
Does 5 divide 3504?
False
Is 638 a multiple of 15?
False
Is 20655 a multiple of 15?
True
Is 77 a factor of 30954?
True
Is 54579 a multiple of 21?
True
Is 3012 a multiple of 4?
True
Does 4 divide 269?
False
Is 9679 a multiple of 19?
False
Is 8 a factor of 1607?
False
Is 5216 a multiple of 16?
True
Does 59 divide 5717?
False
Does 19 divide 20843?
True
Is 42 a multiple of 22?
False
Is 14 a factor of 776?
False
Does 34 divide 727?
False
Is 31 a factor of 1395?
True
Is 119 a factor of 1870?
False
Is 183 a factor of 2822?
False
Is 50 a factor of 9900?
True
Does 168 divide 22547?
False
Does 24 divide 1956?
False
Is 7607 a multiple of 6?
False
Does 32 divide 2592?
True
Does 16 divide 370?
False
Is 110945 a multiple of 106?
False
Is 2407 a multiple of 83?
True
Is 12 a factor of 298?
False
Is 130 a factor of 10821?
False
Does 25 divide 3657?
False
Is 50 a factor of 9700?
True
Is 1200 a multiple of 16?
True
Does 52 divide 10055?
False
Is 8648 a multiple of 46?
True
Is 12 a factor of 2052?
True
Is 810 a multiple of 54?
True
Is 91 a factor of 1547?
True
Is 1040 a multiple of 8?
True
Is 10 a factor of 630?
True
Is 74 a factor of 77133?
False
Is 243 a multiple of 5?
False
Is 52224 a multiple of 34?
True
Does 37 divide 1036?
True
Does 3 divide 4206?
True
Is 12 a factor of 5328?
True
Is 11350 a multiple of 10?
True
Is 6345 a multiple of 14?
False
Does 9 divide 379?
False
Is 20 a factor of 2009?
False
Is 8303 a multiple of 103?
False
Does 30 divide 4612?
False
Is 6 a factor of 3687?
False
Is 75 a multiple of 11?
False
Is 16 a factor of 264?
False
Is 3971 a multiple of 10?
False
Is 8 a factor of 586?
False
Is 11882 a multiple of 13?
True
Is 2 a factor of 2564?
True
Is 1575 a multiple of 6?
False
Is 108 a factor of 19468?
False
Is 39 a factor of 5577?
True
Does 14 divide 1736?
True
Is 4974 a multiple of 15?
False
Is 10 a factor of 62?
False
Does 101 divide 2424?
True
Is 16 a factor of 87152?
True
Does 64 divide 576?
True
Does 2 divide 540?
True
Does 14 divide 265?
False
Does 11 divide 11?
True
Is 22 a factor of 2934?
False
Is 412 a multiple of 5?
False
Is 1820 a multiple of 20?
True
Is 22 a factor of 55?
False
Does 25 divide 850?
True
Is 4267 a multiple of 29?
False
Is 424 a multiple of 4?
True
Does 18 divide 403?
False
Does 24 divide 717?
False
Is 7616 a multiple of 16?
True
Does 55 divide 1339?
False
Is 26 a factor of 9646?
True
Is 20856 a multiple of 24?
True
Is 4732 a multiple of 91?
True
Is 26 a factor of 28912?
True
Is 50 a factor of 7148?
False
Does 63 divide 13104?
True
Does 12 divide 5541?
False
Is 4251 a multiple of 11?
False
Does 16 divide 595?
False
Is 34 a factor of 21143?
False
Does 43 divide 2494?
True
Is 429 a factor of 3021?
False
Is 1494 a multiple of 6?
True
Is 31 a factor of 17887?
True
Does 4 divide 4800?
True
Is 12 a factor of 108?
True
Is 1456 a multiple of 49?
False
Does 59 divide 2301?
True
Does 33 divide 2211?
True
Is 342 a multiple of 8?
False
Is 26937 a multiple of 288?
False
Is 540 a multiple of 27?
True
Is 8 a factor of 1872?
True
Is 49 a multiple of 10?
False
Does 271 divide 17665?
False
Is 74 a multiple of 72?
False
Does 122 divide 6877?
False
Does 32 divide 1856?
True
Does 4 divide 1242?
False
Does 4 divide 636?
True
Is 80 a factor of 40080?
True
Does 40 divide 360?
True
Does 342 divide 22230?
True
Does 49 divide 8722?
True
Is 48 a factor of 4917?
False
Is 18 a factor of 15390?
True
Is 309 a multiple of 17?
False
Does 19 divide 15922?
True
Is 140 a multiple of 70?
True
Is 12 a factor of 276?
True
Is 72 a multiple of 7?
False
Does 104 divide 6009?
False
Is 2940 a multiple of 6?
True
Is 97 a factor of 5044?
True
Is 17 a factor of 1410?
False
Does 19 divide 21059?
False
Does 21 divide 42?
True
Does 13 divide 151?
False
Is 432 a multiple of 28?
False
Does 14 divide 1176?
True
Does 159 divide 28143?
True
Is 29 a factor of 5800?
True
Is 2166 a multiple of 96?
False
Does 21 divide 2411?
False
Does 9 divide 535?
False
Does 3 divide 29?
False
Is 1399 a multiple of 84?
False
Is 16892 a multiple of 82?
True
Is 55 a factor of 4001?
False
Is 13 a factor of 5109?
True
Does 22 divide 2823?
False
Is 2453 a multiple of 11?
True
Is 3369 a multiple of 16?
False
Is 12717 a multiple of 27?
True
Is 23 a factor of 460?
True
Does 18 divide 702?
True
Is 10160 a multiple of 20?
True
Does 52 divide 1356?
False
Is 3 a factor of 72?
True
Is 171 a multiple of 8?
False
Is 45486 a multiple of 12?
False
Is 1722 a multiple of 10?
False
Is 15275 a multiple of 65?
True
Does 307 divide 143983?
True
Is 11 a factor of 110?
True
Does 57 divide 691?
False
Is 383 a multiple of 23?
False
Is 70 a factor of 33950?
True
Is 444 a multiple of 8?
False
Does 48 divide 3840?
True
Does 28 divide 1540?
True
Is 23 a factor of 276?
True
Does 58 divide 2494?
True
Does 7 divide 861?
True
Is 59 a factor of 1357?
True
Does 310 divide 20460?
True
Is 3136 a multiple of 8?
True
Is 15 a factor of 1099?
False
Does 40 divide 2000?
True
Does 45 divide 8043?
False
Is 97 a factor of 15423?
True
Is 3268 a multiple of 12?
False
Does 6 divide 79684?
False
Is 120 a multiple of 3?
True
Is 6273 a multiple of 35?
False
Is 44 a factor of 225?
False
Is 191 a multiple of 2?
False
Does 31 divide 2232?
True
Is 390 a multiple of 39?
True
Is 3 a factor of 73?
False
Does 35 divide 71665?
False
Is 18 a factor of 7488?
True
Is 17 a factor of 357?
True
Does 37 divide 26011?
True
Is 10650 a multiple of 75?
True
Is 6525 a multiple of 225?
True
Does 55 divide 8406?
False
Is 1910 a multiple of 2?
True
Does 2 divide 649?
False
Is 1429 a multiple of 4?
False
Is 123556 a multiple of 79?
True
Is 40 a factor of 116200?
True
Is 291 a multiple of 3?
True
Is 2 a factor of 5127?
False
Is 17836 a multiple of 49?
True
Does 260 divide 53155?
False
Does 27 divide 892?
False
Is 691 a multiple of 30?
False
Is 204 a multiple of 34?
True
Is 881 a multiple of 14?
False
Is 12 a factor of 75600?
True
Does 126 divide 2268?
True
Is 294 a multiple of 7?
True
Is 77 a factor of 46540?
False
Does 4 divide 1082?
False
Is 59270 a multiple of 32?
False
Does 38 divide 4799?
False
Does 68 divide 1936?
False
Does 32 divide 17196?
False
Is 68454 a multiple of 142?
False
Is 2365 a multiple of 55?
True
Does 28 divide 3954?
False
Is 15 a factor of 238?
False
Is 850 a multiple of 13?
False
Is 3 a factor of 132?
True
Is 627 a multiple of 11?
True
Is 16 a factor of 1031?
False
Is 19545 a multiple of 5?
True
Does 83 divide 3459?
False
D